[INFO] cloning repository https://github.com/ryo33/cdb-rust
[INFO] running `Command { std: "git" "-c" "credential.helper=" "-c" "credential.helper=/workspace/cargo-home/bin/git-credential-null" "clone" "--bare" "https://github.com/ryo33/cdb-rust" "/workspace/cache/git-repos/https%3A%2F%2Fgithub.com%2Fryo33%2Fcdb-rust", kill_on_drop: false }`
[INFO] [stderr] Cloning into bare repository '/workspace/cache/git-repos/https%3A%2F%2Fgithub.com%2Fryo33%2Fcdb-rust'...
[INFO] running `Command { std: "git" "rev-parse" "HEAD", kill_on_drop: false }`
[INFO] [stdout] 1154614028587aadc68006c8c4c6c9860a78f125
[INFO] checking ryo33/cdb-rust against try#72f88fc4e9458f89516a0b8b0868f3718aec5b47 for pr-74989
[INFO] running `Command { std: "git" "clone" "/workspace/cache/git-repos/https%3A%2F%2Fgithub.com%2Fryo33%2Fcdb-rust" "/workspace/builds/worker-11/source", kill_on_drop: false }`
[INFO] [stderr] Cloning into '/workspace/builds/worker-11/source'...
[INFO] [stderr] done.
[INFO] validating manifest of git repo https://github.com/ryo33/cdb-rust on toolchain 72f88fc4e9458f89516a0b8b0868f3718aec5b47
[INFO] running `Command { std: "/workspace/cargo-home/bin/cargo" "+72f88fc4e9458f89516a0b8b0868f3718aec5b47" "read-manifest" "--manifest-path" "Cargo.toml", kill_on_drop: false }`
[INFO] started tweaking git repo https://github.com/ryo33/cdb-rust
[INFO] finished tweaking git repo https://github.com/ryo33/cdb-rust
[INFO] tweaked toml for git repo https://github.com/ryo33/cdb-rust written to /workspace/builds/worker-11/source/Cargo.toml
[INFO] crate git repo https://github.com/ryo33/cdb-rust already has a lockfile, it will not be regenerated
[INFO] running `Command { std: "/workspace/cargo-home/bin/cargo" "+72f88fc4e9458f89516a0b8b0868f3718aec5b47" "fetch" "--locked" "--manifest-path" "Cargo.toml", kill_on_drop: false }`
[INFO] [stderr]     Blocking waiting for file lock on package cache
[INFO] [stderr] error: the lock file /workspace/builds/worker-11/source/Cargo.lock needs to be updated but --locked was passed to prevent this
[INFO] [stderr] If you want to try to generate the lock file without accessing the network, use the --offline flag.
[INFO] the lockfile is outdated, regenerating it
[INFO] running `Command { std: "/workspace/cargo-home/bin/cargo" "+72f88fc4e9458f89516a0b8b0868f3718aec5b47" "generate-lockfile" "--manifest-path" "Cargo.toml" "-Zno-index-update", kill_on_drop: false }`
[INFO] running `Command { std: "/workspace/cargo-home/bin/cargo" "+72f88fc4e9458f89516a0b8b0868f3718aec5b47" "fetch" "--locked" "--manifest-path" "Cargo.toml", kill_on_drop: false }`
[INFO] [stderr]  Downloading crates ...
[INFO] [stderr]   Downloaded piston-ai_behavior v0.32.0
[INFO] [stderr]   Downloaded piston2d-sprite v0.61.0
[INFO] running `Command { std: "docker" "create" "-v" "/var/lib/crater-agent-workspace/builds/worker-11/target:/opt/rustwide/target:rw,Z" "-v" "/var/lib/crater-agent-workspace/builds/worker-11/source:/opt/rustwide/workdir:ro,Z" "-v" "/var/lib/crater-agent-workspace/cargo-home:/opt/rustwide/cargo-home:ro,Z" "-v" "/var/lib/crater-agent-workspace/rustup-home:/opt/rustwide/rustup-home:ro,Z" "-e" "SOURCE_DIR=/opt/rustwide/workdir" "-e" "CARGO_TARGET_DIR=/opt/rustwide/target" "-e" "CARGO_HOME=/opt/rustwide/cargo-home" "-e" "RUSTUP_HOME=/opt/rustwide/rustup-home" "-w" "/opt/rustwide/workdir" "-m" "1610612736" "--user" "0:0" "--network" "none" "rustops/crates-build-env@sha256:d92eaeed33fa75130ca1ee6c8a01d1ffb62bac859dfdfb3450e3e5d1c0146529" "/opt/rustwide/cargo-home/bin/cargo" "+72f88fc4e9458f89516a0b8b0868f3718aec5b47" "metadata" "--no-deps" "--format-version=1", kill_on_drop: false }`
[INFO] [stdout] 2587e249886ebeb390aefe8b2af9bf429c1f7c62d7d937a798891b0555ee0d83
[INFO] [stderr] WARNING: Your kernel does not support swap limit capabilities or the cgroup is not mounted. Memory limited without swap.
[INFO] running `Command { std: "docker" "start" "-a" "2587e249886ebeb390aefe8b2af9bf429c1f7c62d7d937a798891b0555ee0d83", kill_on_drop: false }`
[INFO] running `Command { std: "docker" "inspect" "2587e249886ebeb390aefe8b2af9bf429c1f7c62d7d937a798891b0555ee0d83", kill_on_drop: false }`
[INFO] running `Command { std: "docker" "rm" "-f" "2587e249886ebeb390aefe8b2af9bf429c1f7c62d7d937a798891b0555ee0d83", kill_on_drop: false }`
[INFO] [stdout] 2587e249886ebeb390aefe8b2af9bf429c1f7c62d7d937a798891b0555ee0d83
[INFO] running `Command { std: "docker" "create" "-v" "/var/lib/crater-agent-workspace/builds/worker-11/target:/opt/rustwide/target:rw,Z" "-v" "/var/lib/crater-agent-workspace/builds/worker-11/source:/opt/rustwide/workdir:ro,Z" "-v" "/var/lib/crater-agent-workspace/cargo-home:/opt/rustwide/cargo-home:ro,Z" "-v" "/var/lib/crater-agent-workspace/rustup-home:/opt/rustwide/rustup-home:ro,Z" "-e" "SOURCE_DIR=/opt/rustwide/workdir" "-e" "CARGO_TARGET_DIR=/opt/rustwide/target" "-e" "CARGO_INCREMENTAL=0" "-e" "RUST_BACKTRACE=full" "-e" "RUSTFLAGS=--cap-lints=forbid" "-e" "CARGO_HOME=/opt/rustwide/cargo-home" "-e" "RUSTUP_HOME=/opt/rustwide/rustup-home" "-w" "/opt/rustwide/workdir" "-m" "1610612736" "--user" "0:0" "--network" "none" "rustops/crates-build-env@sha256:d92eaeed33fa75130ca1ee6c8a01d1ffb62bac859dfdfb3450e3e5d1c0146529" "/opt/rustwide/cargo-home/bin/cargo" "+72f88fc4e9458f89516a0b8b0868f3718aec5b47" "check" "--frozen" "--all" "--all-targets" "--message-format=json", kill_on_drop: false }`
[INFO] [stdout] 066f4b22f85f1d57e74e5fd85e447157d34136fe80f845c07a2a8d8979d9504d
[INFO] [stderr] WARNING: Your kernel does not support swap limit capabilities or the cgroup is not mounted. Memory limited without swap.
[INFO] running `Command { std: "docker" "start" "-a" "066f4b22f85f1d57e74e5fd85e447157d34136fe80f845c07a2a8d8979d9504d", kill_on_drop: false }`
[INFO] [stderr]    Compiling autocfg v1.0.1
[INFO] [stderr]    Compiling libc v0.2.77
[INFO] [stderr]    Compiling xml-rs v0.8.3
[INFO] [stderr]    Compiling khronos_api v3.1.0
[INFO] [stderr]    Compiling semver-parser v0.7.0
[INFO] [stderr]     Checking piston-float v1.0.0
[INFO] [stderr]    Compiling libloading v0.6.3
[INFO] [stderr]    Compiling nix v0.14.1
[INFO] [stderr]     Checking adler32 v1.2.0
[INFO] [stderr]     Checking downcast-rs v1.2.0
[INFO] [stderr]     Checking piston-graphics_api_version v1.0.0
[INFO] [stderr]     Checking lzw v0.10.0
[INFO] [stderr]     Checking xdg v2.2.0
[INFO] [stderr]     Checking piston-texture v0.8.0
[INFO] [stderr]     Checking color_quant v1.0.1
[INFO] [stderr]     Checking scoped_threadpool v0.1.9
[INFO] [stderr]     Checking bytemuck v1.4.1
[INFO] [stderr]     Checking percent-encoding v2.1.0
[INFO] [stderr]     Checking interpolation v0.2.0
[INFO] [stderr]     Checking read_color v1.0.0
[INFO] [stderr]     Checking piston-shaders_graphics2d v0.3.1
[INFO] [stderr]     Checking lock_api v0.3.4
[INFO] [stderr]    Compiling syn v1.0.41
[INFO] [stderr]    Compiling x11-dl v2.18.5
[INFO] [stderr]    Compiling libloading v0.5.2
[INFO] [stderr]     Checking piston-viewport v1.0.0
[INFO] [stderr]     Checking vecmath v1.0.0
[INFO] [stderr]     Checking miniz_oxide v0.3.7
[INFO] [stderr]     Checking shader_version v0.7.0
[INFO] [stderr]     Checking gif v0.10.3
[INFO] [stderr]    Compiling log v0.4.11
[INFO] [stderr]    Compiling proc-macro2 v0.4.30
[INFO] [stderr]    Compiling proc-macro2 v1.0.21
[INFO] [stderr]     Checking crc32fast v1.2.0
[INFO] [stderr]    Compiling semver v0.9.0
[INFO] [stderr]     Checking draw_state v0.8.0
[INFO] [stderr]     Checking stb_truetype v0.3.1
[INFO] [stderr]     Checking deflate v0.8.6
[INFO] [stderr]    Compiling num-traits v0.2.12
[INFO] [stderr]    Compiling crossbeam-utils v0.7.2
[INFO] [stderr]    Compiling memoffset v0.5.5
[INFO] [stderr]    Compiling num-integer v0.1.43
[INFO] [stderr]    Compiling crossbeam-epoch v0.8.2
[INFO] [stderr]    Compiling num-bigint v0.3.0
[INFO] [stderr]    Compiling num-rational v0.3.0
[INFO] [stderr]    Compiling num-iter v0.1.41
[INFO] [stderr]    Compiling rayon v1.4.0
[INFO] [stderr]     Checking dlib v0.4.2
[INFO] [stderr]    Compiling rustc_version v0.2.3
[INFO] [stderr]    Compiling gl_generator v0.14.0
[INFO] [stderr]    Compiling gl_generator v0.10.0
[INFO] [stderr]     Checking tiff v0.5.0
[INFO] [stderr]    Compiling quote v0.6.13
[INFO] [stderr]    Compiling quote v1.0.7
[INFO] [stderr]     Checking gfx_core v0.9.2
[INFO] [stderr]     Checking wayland-sys v0.21.13
[INFO] [stderr]     Checking png v0.16.7
[INFO] [stderr]     Checking num_cpus v1.13.0
[INFO] [stderr]     Checking memmap v0.7.0
[INFO] [stderr]     Checking shared_library v0.1.9
[INFO] [stderr]     Checking raw-window-handle v0.3.3
[INFO] [stderr]     Checking getrandom v0.1.15
[INFO] [stderr]     Checking rand v0.4.6
[INFO] [stderr]    Compiling wayland-scanner v0.21.13
[INFO] [stderr]    Compiling parking_lot_core v0.6.2
[INFO] [stderr]    Compiling parking_lot v0.9.0
[INFO] [stderr]     Checking osmesa-sys v0.1.2
[INFO] [stderr]     Checking rand_core v0.5.1
[INFO] [stderr]     Checking crossbeam-channel v0.4.4
[INFO] [stderr]     Checking rand_chacha v0.2.2
[INFO] [stderr]    Compiling glutin_egl_sys v0.1.5
[INFO] [stderr]    Compiling glutin_glx_sys v0.1.7
[INFO] [stderr]    Compiling gfx_gl v0.6.1
[INFO] [stderr]     Checking rand v0.7.3
[INFO] [stderr]    Compiling gl v0.11.0
[INFO] [stderr]     Checking crossbeam-deque v0.7.3
[INFO] [stderr]     Checking uuid v0.6.5
[INFO] [stderr]     Checking rayon-core v1.8.0
[INFO] [stderr]     Checking ordered-float v1.1.0
[INFO] [stderr]     Checking approx v0.3.2
[INFO] [stderr]     Checking line_drawing v0.7.0
[INFO] [stderr]     Checking num-complex v0.3.0
[INFO] [stderr]     Checking rusttype v0.8.3
[INFO] [stderr]     Checking rusttype v0.7.9
[INFO] [stderr]     Checking piston2d-graphics v0.37.0
[INFO] [stderr]    Compiling wayland-client v0.21.13
[INFO] [stderr]    Compiling wayland-protocols v0.21.13
[INFO] [stderr]     Checking andrew v0.2.1
[INFO] [stderr]     Checking gfx v0.18.2
[INFO] [stderr]     Checking wayland-commons v0.21.13
[INFO] [stderr]    Compiling serde_derive v1.0.116
[INFO] [stderr]     Checking num v0.3.0
[INFO] [stderr]     Checking jpeg-decoder v0.1.20
[INFO] [stderr]     Checking gfx_device_gl v0.16.2
[INFO] [stderr]     Checking image v0.23.9
[INFO] [stderr]     Checking pistoncore-input v1.0.0
[INFO] [stderr]     Checking smithay-client-toolkit v0.4.6
[INFO] [stderr]     Checking piston-gfx_texture v0.41.0
[INFO] [stderr]     Checking piston2d-gfx_graphics v0.70.0
[INFO] [stderr]     Checking pistoncore-window v0.47.0
[INFO] [stderr]     Checking piston-ai_behavior v0.32.0
[INFO] [stderr]     Checking winit v0.19.5
[INFO] [stderr]     Checking pistoncore-event_loop v0.52.0
[INFO] [stderr]     Checking piston2d-sprite v0.61.0
[INFO] [stderr]     Checking piston v0.52.0
[INFO] [stderr]     Checking glutin v0.21.2
[INFO] [stderr]     Checking pistoncore-glutin_window v0.66.0
[INFO] [stderr]     Checking piston_window v0.112.0
[INFO] [stderr]     Checking cdb v0.1.0 (/opt/rustwide/workdir)
[INFO] [stdout] warning: the item `Operation` is imported redundantly
[INFO] [stdout]   --> src/player.rs:69:26
[INFO] [stdout]    |
[INFO] [stdout] 4  | use operation::Operation;
[INFO] [stdout]    |     -------------------- the item `Operation` is already imported here
[INFO] [stdout] ...
[INFO] [stdout] 69 |         use operation::{ Operation, Direction, };
[INFO] [stdout]    |                          ^^^^^^^^^
[INFO] [stdout]    |
[INFO] [stdout]    = note: `#[warn(unused_imports)]` on by default
[INFO] [stdout] 
[INFO] [stdout] 
[INFO] [stdout] warning: the item `Operation` is imported redundantly
[INFO] [stdout]   --> src/player.rs:69:26
[INFO] [stdout]    |
[INFO] [stdout] 4  | use operation::Operation;
[INFO] [stdout]    |     -------------------- the item `Operation` is already imported here
[INFO] [stdout] ...
[INFO] [stdout] 69 |         use operation::{ Operation, Direction, };
[INFO] [stdout]    |                          ^^^^^^^^^
[INFO] [stdout]    |
[INFO] [stdout]    = note: `#[warn(unused_imports)]` on by default
[INFO] [stdout] 
[INFO] [stdout] 
[INFO] [stdout] error[E0599]: no method named `opengl` found for struct `piston_window::WindowSettings` in the current scope
[INFO] [stdout]   --> src/game_loop.rs:24:14
[INFO] [stdout]    |
[INFO] [stdout] 24 |             .opengl(opengl)
[INFO] [stdout]    |              ^^^^^^ method not found in `piston_window::WindowSettings`
[INFO] [stdout] 
[INFO] [stdout] 
[INFO] [stdout] error[E0599]: no method named `borrow_mut` found for struct `Factory` in the current scope
[INFO] [stdout]    --> src/game_loop.rs:38:39
[INFO] [stdout]     |
[INFO] [stdout] 38  |             &mut *self.window.factory.borrow_mut(),
[INFO] [stdout]     |                                       ^^^^^^^^^^ method not found in `Factory`
[INFO] [stdout]     |
[INFO] [stdout]     = help: items from traits can only be used if the trait is in scope
[INFO] [stdout]     = note: the following trait is implemented but not in scope; perhaps add a `use` for it:
[INFO] [stdout]             `use std::borrow::BorrowMut;`
[INFO] [stdout] 
[INFO] [stdout] 
[INFO] [stdout] error[E0599]: no method named `clone` found for struct `piston_window::PistonWindow` in the current scope
[INFO] [stdout]    --> src/game_loop.rs:45:30
[INFO] [stdout]     |
[INFO] [stdout] 45  |         for e in self.window.clone() {
[INFO] [stdout]     |                              ^^^^^ method not found in `piston_window::PistonWindow`
[INFO] [stdout] 
[INFO] [stdout] 
[INFO] [stdout] error: aborting due to 3 previous errors; 1 warning emitted
[INFO] [stdout] 
[INFO] [stdout] 
[INFO] [stdout] For more information about this error, try `rustc --explain E0599`.
[INFO] [stdout] 
[INFO] [stderr] error: could not compile `cdb`.
[INFO] [stderr] 
[INFO] [stderr] To learn more, run the command again with --verbose.
[INFO] [stderr] warning: build failed, waiting for other jobs to finish...
[INFO] [stdout] error[E0599]: no method named `opengl` found for struct `piston_window::WindowSettings` in the current scope
[INFO] [stdout]   --> src/game_loop.rs:24:14
[INFO] [stdout]    |
[INFO] [stdout] 24 |             .opengl(opengl)
[INFO] [stdout]    |              ^^^^^^ method not found in `piston_window::WindowSettings`
[INFO] [stdout] 
[INFO] [stdout] 
[INFO] [stdout] error[E0599]: no method named `borrow_mut` found for struct `Factory` in the current scope
[INFO] [stdout]    --> src/game_loop.rs:38:39
[INFO] [stdout]     |
[INFO] [stdout] 38  |             &mut *self.window.factory.borrow_mut(),
[INFO] [stdout]     |                                       ^^^^^^^^^^ method not found in `Factory`
[INFO] [stdout]     |
[INFO] [stdout]     = help: items from traits can only be used if the trait is in scope
[INFO] [stdout]     = note: the following trait is implemented but not in scope; perhaps add a `use` for it:
[INFO] [stdout]             `use std::borrow::BorrowMut;`
[INFO] [stdout] 
[INFO] [stdout] 
[INFO] [stdout] error[E0599]: no method named `clone` found for struct `piston_window::PistonWindow` in the current scope
[INFO] [stdout]    --> src/game_loop.rs:45:30
[INFO] [stdout]     |
[INFO] [stdout] 45  |         for e in self.window.clone() {
[INFO] [stdout]     |                              ^^^^^ method not found in `piston_window::PistonWindow`
[INFO] [stdout] 
[INFO] [stdout] 
[INFO] [stdout] error: aborting due to 3 previous errors; 1 warning emitted
[INFO] [stdout] 
[INFO] [stdout] 
[INFO] [stdout] For more information about this error, try `rustc --explain E0599`.
[INFO] [stdout] 
[INFO] [stderr] error: build failed
[INFO] running `Command { std: "docker" "inspect" "066f4b22f85f1d57e74e5fd85e447157d34136fe80f845c07a2a8d8979d9504d", kill_on_drop: false }`
[INFO] running `Command { std: "docker" "rm" "-f" "066f4b22f85f1d57e74e5fd85e447157d34136fe80f845c07a2a8d8979d9504d", kill_on_drop: false }`
[INFO] [stdout] 066f4b22f85f1d57e74e5fd85e447157d34136fe80f845c07a2a8d8979d9504d
